 Suppose b = h - 2. Is 12/10 + -1 - (-3762)/h prime?
True
Suppose -43425 = -4*w + p, 2*p + 10865 = w - 0*p. Suppose 5*t - w + 1750 = 0. Is t a prime number?
False
Suppose -6*f + 38 = -4. Suppose 0 = 2*r + 2*o - 17216, f*r = 3*r + 4*o + 34440. Is r a prime number?
True
Suppose -158*w = -136*w - 92334. Is w composite?
True
Is ((2 - -1) + 310/(-124))/((-6)/(-1007220)) prime?
False
Let s = -10 + 15. Let i be (3/(-6) + 1)/((-1)/(-10)). Suppose -x + i*v + 92 = -0*v, -2*x + 139 = s*v. Is x composite?
True
Let h = 448441 - 269400. Is h composite?
False
Suppose -59*s + 7*s + 7858947 = -s. Is s a prime number?
True
Suppose 5*s - 4*c = 37493, -3*s + 3*c - 5*c + 22509 = 0. Is s a composite number?
True
Suppose -13*f = -4*f - 27. Let w(g) = 356*g**2 - 3*g + 12. Is w(f) prime?
False
Let d = -7910 + 11268. Suppose -9*m + d + 647 = 0. Is m prime?
False
Is ((35369073/(-36))/(-53))/(1/4) a composite number?
False
Suppose -5*k + 24 = -36. Let s(b) = -b + 10. Let y be s(k). Is ((-3978)/12 + y)*2/(-1) prime?
False
Let i(h) = 48*h. Let u be i(-1). Let m = 6346 - 6468. Let r = u - m. Is r a prime number?
False
Let l = 20 - 18. Suppose -l*a + 7*g = 2*g - 20, 4*g + 16 = 3*a. Suppose a = 5*j + 6*j - 7051. Is j prime?
True
Let z = 77943 - 23842. Is z composite?
False
Let c(a) = -a**3 + 5*a**2 + 18*a - 23. Let r be c(7). Is 1/(-5) + r + 21486/30 composite?
True
Let v(z) = 7888*z**2 + 62*z + 723. Is v(-10) a composite number?
False
Let k(h) = 2222*h**2 + 20*h - 85. Is k(5) a prime number?
False
Is 220/66 + (-377900)/(-12) a prime number?
False
Let c be ((-3)/25*5)/((-1)/5). Is (-30)/(-3 - 3) + c + 18079 composite?
True
Suppose 4*o - 8*o = -8. Suppose -x = o*x - 342. Suppose 5*k = x + 221. Is k composite?
False
Let b be (-10)/(-4)*90/75. Suppose -11*i + 6*i + 5*o + 6585 = 0, 3963 = 3*i + b*o. Is i composite?
False
Let x = 292989 + 32. Is x a composite number?
False
Let p(o) be the first derivative of 290*o**3/3 + 2*o**2 + 3*o + 15. Let a be p(-1). Suppose -a - 394 = -q. Is q composite?
False
Let l = -33525 + 58874. Is l a composite number?
False
Let h be 1800421/105 + (8/(-60))/(-1). Let g = h + -9676. Is g a prime number?
False
Suppose 5*c + 1386 + 130 = 2*f, 0 = 3*c - 4*f + 918. Let d = c + 556. Suppose d - 10548 = -2*r. Is r a prime number?
True
Suppose 2*u = -3*a + 41 + 11, 3*a = u + 37. Let t be (-2 - a/(-8))/((-3)/36). Suppose -v + 2*h - t*h + 220 = 0, -h = 4*v - 889. Is v composite?
False
Let r be (-63)/11 + 156/(-572). Suppose 0 = 7*v - 2*v - 70630. Is (-4)/((-32)/v) + r/(-24) a composite number?
True
Let u(w) = w**3 + 16*w**2 - 14*w + 15. Let r(s) = s**2 - s + 1. Let o(t) = -5*r(t) + u(t). Let b be (1 - -26)*(-8)/24. Is o(b) composite?
True
Let k = 2125 + -3397. Let u = 6205 - k. Is u composite?
False
Let i(t) = -33*t**2 + 8*t + 5. Let l(b) = b**2 + b + 1. Let q(r) = -i(r) + 3*l(r). Let d be (-72)/(-16)*(-28)/(-18). Is q(d) composite?
True
Let q(o) = 964*o**2 - 7*o + 8. Let x be q(6). Is -2*(x/(-12) - (-4)/(-12)) a composite number?
False
Let o be (-2)/8 - (-20319)/12. Let k = -453 + -1237. Let u = o - k. Is u a prime number?
False
Let p(j) = 31*j**2 + 59*j + 11. Let h be (1 + 301/21)*6/(-4). Is p(h) composite?
False
Let k = -31890 + 78985. Is k composite?
True
Let j = -122 + 118. Let r be (j/5)/(5/(-25)). Let c(f) = 5*f**3 - 6*f**2 + 8*f - 3. Is c(r) a composite number?
True
Let u(s) = 63735*s + 15887. Is u(14) a composite number?
True
Suppose b + 58 = -1. Let d = 732 + b. Is d composite?
False
Suppose 0 = -10*a + 12 - 2. Let c(l) = 2237*l**2 - l + 1. Is c(a) a composite number?
False
Let v be -2 + 5*8/(-1)*-58. Is -4 - (0 + (-3 - v)) a composite number?
True
Let p be 885 - 4/(-20)*0. Let o = -499 + p. Suppose -127 + o = m. Is m prime?
False
Is -62773*1*-3*2/18*3 a composite number?
False
Let z(l) = -l**3 - 2*l**2 + l. Let u be z(-2). Let a = 520 - 203. Is (a/u)/(4/24*-3) a prime number?
True
Let i(o) = -o**2 + 11*o + 3. Let f(t) = t**2 - 9*t - 6. Let h be f(10). Let a be -3 - -8 - 4/h*-1. Is i(a) composite?
True
Suppose 2*o + 27 - 37 = 0. Suppose -o*m + 10*m - 18237 = -3*d, -4*d + 24351 = -5*m. Let c = -3841 + d. Is c prime?
True
Let h(s) = -6*s + 13. Let b = -29 - -31. Let o be 120/(-18) - b/6. Is h(o) prime?
False
Let a(w) = -7*w - 10. Let p(j) = -7*j - 9. Let n(g) = -4*a(g) + 5*p(g). Suppose 4*z + 2*q = 3*z + 1, -3*q - 3 = 2*z. Is n(z) composite?
True
Let x(z) = 4*z**2 - 129*z - 31. Let q be x(36). Suppose 0 = 3*y - s - 0 - 10, 0 = y - s - 6. Suppose -1 = g + y, -q = -2*d - 3*g. Is d composite?
True
Let y = -729 + 730. Is -4*(-79108)/16*y prime?
True
Let m = 1338375 - 209537. Is m a composite number?
True
Suppose 10*d = 97 - 7. Let o(j) be the third derivative of 7*j**5/60 + 2*j**4/3 - 14*j**3/3 - j**2. Is o(d) composite?
False
Let h(k) = 2565*k - 108. Let l(c) = -1283*c + 52. Let o(p) = 6*h(p) + 11*l(p). Is o(6) prime?
False
Suppose -8621547 + 1592953 = -74*d. Is d composite?
True
Suppose 14 = -5*d + 3*d. Let h be d/((-28)/(-20)) + 2307. Is 11/22*(0 + h) a prime number?
True
Suppose -2*w + 4*p + 1227 = 3469, 5*w + p + 5561 = 0. Let j = -412 - w. Is j a prime number?
True
Let a = -12581 + 93862. Is a prime?
True
Let o(v) = v**3 + 10*v**2 - 129*v + 35. Is o(41) a composite number?
True
Is (152/40 - 4/10)/((-29)/(-665695)) a prime number?
False
Let b(a) = 5*a**2 + 13*a - 21*a + 0*a**2 - 4*a**2 + 17. Let v be b(17). Suppose j - w = -2*j + v, j + 4*w = 61. Is j composite?
True
Suppose 0 = s - 829 - 1758. Suppose -s = -4*j + 5*h, j + 1286 = 3*j - 4*h. Is j composite?
False
Suppose -16*v - 1818 = 2262. Suppose 553 = 2*a - a. Let z = a + v. Is z prime?
False
Let n = 36 - 34. Suppose -4*f + f = 5*s - 7961, -4*s + 5310 = n*f. Is f a prime number?
True
Suppose -a + 5123 = 4*p - 70734, -5*a + 379375 = 2*p. Is a a composite number?
True
Let z(c) = -8 + 11 - 115*c - 36. Let o(t) = t**3 - 24*t**2 + 40*t + 80. Let d be o(22). Is z(d) a composite number?
False
Let x be 4 + 4/(-30) + (-10)/(-75). Is x/16*106*22 composite?
True
Suppose -3*c = 2*h + 2*h + 26, -5*c - 52 = -2*h. Let d(f) = -79*f + 37. Let m be d(c). Suppose 0 = 2*a - x - m, -5*x - 1669 = -3*a - a. Is a a prime number?
False
Let t = 490552 - 250733. Is t composite?
True
Let g(a) = a**3 - 3*a**2 - 14. Let t be g(5). Suppose 0 = r + 4*d + 11, r + 4*d + t = 5*r. Is 2302*r/(-2 + 12) a prime number?
True
Let c(s) = 41*s**2 + 3*s - 7. Let x be c(2). Let q = x - 84. Suppose 587 - q = 4*t. Is t composite?
False
Let t be 1 + 5 + 9808/4. Suppose v - 2079 = -4*i, -4*v = -i - t - 5943. Is v prime?
True
Let c = -24 + 28. Suppose -c*q + 2*m - 3*m + 1633 = 0, -4*m = -3*q + 1201. Let j = 630 - q. Is j prime?
True
Suppose -a - 2 = -12. Suppose 1 - a = -3*c. Suppose 239 = -2*s + c*s. Is s a prime number?
True
Let r(g) = g**2 - 2*g - 23. Let s be r(7). Suppose s*n - 5449 = 13259. Is n a composite number?
False
Suppose 3*m - 35 = -5*b, -b - 21 = 3*m - 8*m. Let c(l) = -125*l + 2. Let v be c(-5). Suppose 0 = -h - 2*h - y + v, -5*y + 836 = b*h. Is h prime?
False
Let w(z) = 1821*z**2 + 123*z - 1609. Is w(16) a composite number?
True
Suppose -3*b - 4*z = -72, -2*z = 3*z. Suppose 4 = 5*l + b. Let m(a) = -a**3 - 2*a + 2. Is m(l) a composite number?
True
Let g(k) = -5408*k + 8155. Is g(-6) a prime number?
False
Let u(h) = -h**2 + 7*h - 5. Let g be u(4). Suppose g = -3*k + 37. Let a(x) = 13*x**2 - 12*x + 13. Is a(k) composite?
False
Is (4/24*2)/((-432048)/(-86409) - 5) a prime number?
True
Suppose 1102 = 4*a + 222. Suppose 0 = -a*k + 222*k - 1130. Is k a composite number?
True
Let p(b) = -b**3 - b**2 + 6. Let g be p(0). Let k be 34 + ((-156)/117)/((-3)/((-9)/(-2))). Is -4 + g/(-5)*(-35010)/k a composite number?
False
Suppose 0 = -5*c + 18 + 2. Let x be 12/(5 - 1) - 1/(-1). Suppose 2*s + 218 - 3071 = -3*f, -x*f - c*s = -3800. Is f prime?
True
Let c = -262718 + 380501. Suppose 0 = 2*g - 5*u - c, 4*g + 4*u - 106179 = 129373. Is g a composite number?
False
Let a be ((-87)/63 + 12/(-42))*-6. Let x be (-3 - -1)/(1*a/(-185)). Suppose -42 = -w + x. Is w prime?
True
Suppose -428*p + 435*p - 399 = 0. Suppose p*x - 53*x - 87316 = 0. Is x a composite number?
True
Let x(r) = -r**3 - 106*r**2 - 125*r - 365. Is x(-105) composite?
True
Let k = 29 - 22. Let a(i) = 10*i**2 - k - 3 + i - 8*i**2. Is a(7) a prime number?
False
Suppose -3*u - 415840 = -2*c, 4